e the third derivative of -3*d**2 - 1/24*d**4 - 1/6*d**3 + 0*d + 0. Let q(z) = 2*z. Let v be q(2). What is p(v)?
-5
Let c(f) = f**2 + 2*f - 1. Let v = -6 - -16. Suppose 3*l - 4*l = 0, -5*k - 4*l = -v. Suppose m + k = 3. What is c(m)?
2
Let a(i) = i - 7. Let y(k) = k**2 - 5*k + 13. Let u be y(3). What is a(u)?
0
Let z(a) = 3*a. Let p(d) = 9*d. Let i(l) = 4*p(l) - 11*z(l). Calculate i(-4).
-12
Let l be 6/(-14) + -2 + 36/(-14). Let o(c) = c**3 + 5*c**2 - 2. Determine o(l).
-2
Let v(w) = 6*w - 2. Let t(f) = 4*f - 7. Let u(i) = -4*i + 8. Let s(b) = 7*t(b) + 6*u(b). Let q(n) = -8*s(n) + 5*v(n). Give q(-4).
6
Let f(i) = 2*i - 2. Let q be f(0). Let t(s) = 6*s + 2. Give t(q).
-10
Suppose -4*z - 13 = 7, -2*u = -2*z - 16. Let n(k) = -k**2 - 2*k - 2. What is n(u)?
-17
Let d(b) = b - 4. Let l be 22/4 - (-16)/32. Calculate d(l).
2
Let j = 10 - -1. Let z = -5 + j. Let h(s) = s - 4. Calculate h(z).
2
Let q = -5 - -6. Let x(u) be the third derivative of u**5/60 - u**4/24 + u**3/6 - 3*u**2. Give x(q).
1
Let g(j) = 2 + 1 + 1 - 1 + j. Let y be g(-9). Let l = y - -6. Let o(h) = h**2 + h - 5. Determine o(l).
-5
Let l be 6/(-4)*4/(-3). Let a(c) = -c**2 + l*c**2 - 5*c + c - 4. Suppose 2*k + 5*n = 3*k - 18, -2*k + 2*n + 12 = 0. What is a(k)?
-7
Let g(y) = y**3 - 8*y**2 + 12*y - 8. Let d(x) = -x + 1. Let h(u) = 2*d(u) + g(u). What is h(6)?
-18
Let n(s) = 5*s - 2. Let y = 23 - 21. Give n(y).
8
Suppose 0 = -a - 5*a - 30. Let l(f) = -f - 3. Calculate l(a).
2
Let x(n) = 5*n**2 - 13*n - 3. Let d(i) = -4*i**2 + 12*i + 3. Let v(g) = 6*d(g) + 5*x(g). Give v(-6).
-3
Let r(f) = 1 + 2*f + 10*f - 9*f. Let s = 5 - 9. What is r(s)?
-11
Let o(i) = 4*i**2 + 3*i + 1. Suppose 3*b = b - 4. Determine o(b).
11
Suppose -1 = -2*y - 3*x + 21, 3*y = 4*x - 1. Let w(u) = y + 2 + 8*u + 0 - 6. Give w(-1).
-7
Suppose 0 = -4*g - 2*g. Let k(t) = -t - 1 - 2 + 5 + g. Calculate k(-6).
8
Let j(g) = g - 2*g + 14 - 6. Let w be ((-1)/2)/((-1)/76). Let f be (-1)/(-4) + w/8. Determine j(f).
3
Let o(a) = -a**3 - 8*a**2 - 8*a + 3. Let c be ((-14)/3)/((-16)/(-24)). Calculate o(c).
10
Let j be -2 - (0 + (-2)/(-2)). Let q be (-2)/j - 6/9. Let m(c) = c**2 + c + 4. What is m(q)?
4
Suppose 4*c + 5*g = 1, -3*g - 21 = 2*c - 5*c. Let i(a) be the third derivative of 1/120*a**6 + 1/12*a**4 + a**2 + 0*a**3 + 0 - 1/12*a**5 + 0*a. Determine i(c).
-8
Let f(t) = -t**2 - 5*t - 1. Let m be f(-4). Suppose -2*b = 1 + m. Let c(w) = w - 3*w**2 - w - w - 2*w**3 - 2. Determine c(b).
4
Let f(j) be the second derivative of -j**7/2520 + j**6/720 + j**5/30 - j**4/4 + j. Let i(z) be the third derivative of f(z). Calculate i(3).
-2
Let c = -22 - -24. Let m(q) = c + 348*q**2 - 3*q - 342*q**2 - q**3 - 2*q. Give m(5).
2
Let c(d) = -d**2 + 3*d - 4. Let w be c(3). Let s(a) be the second derivative of -a**4/12 - a**3/6 + 2*a**2 - 19*a. Give s(w).
-8
Let l(x) = -x**3 - 4*x**2 + 4. Suppose -13*g + 4*g - 27 = 0. Calculate l(g).
-5
Let o = -7 - -6. Let n(i) = -3*i - 1. Give n(o).
2
Suppose 0 = 5*b - 5*m, 2*m = 3*b - 2*m + 2. Let a(q) = 3*q**2 - 1 - q + 2*q**b - q. Determine a(-1).
6
Let k(z) = -z**3 + 4*z**2 - 2*z - 4. Let f be ((-87)/(-58))/(1/2). Determine k(f).
-1
Let k(b) = -2*b + 2 - 33 - 16*b**2 + 48*b. Let i(d) = 6 + 0*d**2 + 3*d**2 - 3*d - 6*d. Let p(o) = -11*i(o) - 2*k(o). Calculate p(5).
6
Let y(p) = p**2 + 6*p - 5. Let v = -25 - -19. What is y(v)?
-5
Let a be 2*(12/8)/(-3). Let k(d) = -6*d + 1. What is k(a)?
7
Let l(z) = 2*z - 4. Let w be l(3). Let k(n) = 0*n**2 + 6 + w*n**2 + 5*n - 4. What is k(-3)?
5
Let z be (-4)/10 + (-34)/(-10). Suppose 0 = z*a - 6. Let i = a - 5. Let q(g) = -g**3 - g**2 + 4*g + 2. Determine q(i).
8
Let s be -2 + 2 - (-4)/(-4). Let x(v) = -10*v + 1. What is x(s)?
11
Let h = -1 + 2. Suppose u - 4 = -h. Suppose -2*i - i - u = 0. Let p(m) = -2*m**2 + 2*m + 1. Calculate p(i).
-3
Let p(z) = 13*z**2 - 5*z - 8. Let u(x) = -3*x**2 + x + 2. Let g(n) = 2*p(n) + 9*u(n). Give g(-3).
-4
Let j(d) = -d**2 + d + 1. Let w(u) = u**3 - 11*u**2 + 6*u + 11. Let l(r) = 6*j(r) - w(r). Let s = 24 + -19. Determine l(s).
-5
Let u(o) be the second derivative of -o**4/12 + o**3/3 + 5*o**2/2 - 83*o. Suppose 25 = 3*v - 8*v, 0 = 5*b + 2*v + 5. Suppose q - 4 = b. Give u(q).
-10
Suppose -2*v = -6, 6 = 2*y + v - 3. Suppose 6*o - 2*o - 2*s + 4 = 0, 0 = o + y*s - 6. Let b(f) = f + 13. Determine b(o).
13
Let d(g) be the second derivative of -1/12*g**4 + 0 + 3*g + 1/2*g**2 + 2/3*g**3. Determine d(2).
5
Let x = 7 + -8. Let g(i) = 4*i**3 - 2*i**2 + 5*i + 6. Let f(u) = -u**3 - u**2 - u - 1. Let k(r) = x*g(r) - 3*f(r). Determine k(4).
5
Let g(x) = x**3 + 6*x**2 + 2. Suppose 4*p + 4*z + z = -14, 3*p - 5*z = -28. Let y be g(p). Let i(a) = 3*a**2 + 5*a - y*a**2 - 1 - 2. Give i(-5).
-3
Suppose 5*t - 3*f - 21 = 0, -3*f - 3 = -2*t + 9. Suppose -t*k - 9 = 0, -8*b + 5*b = 5*k + 33. Let y(j) = 2*j + 7. Calculate y(b).
-5
Let m(v) = -v**3 + 3*v**2 - 2*v + 4. Let c = 6 - 3. What is m(c)?
-2
Let h(w) = 2*w - 5. Let y(t) = -t + 3. Let u(n) = -3*h(n) - 5*y(n). Give u(1).
-1
Let u(b) = b**2 - 7*b + 7. Let h be (-23)/(-3) - -5*2/(-15). Give u(h).
7
Suppose 5*n = 2*n + 4*c + 9, 0 = -5*n - 5*c - 20. Let v(b) = -11*b - 1. What is v(n)?
10
Let g(f) be the second derivative of f**4/6 + f**3/3 - 2*f**2 - f. Let n(v) = 2*v - 5*v - 5*v**2 - v**3 - 1 + 2 + 0*v. Let j be n(-4). Determine g(j).
8
Let d(b) = b**3 - 4*b**2 - 6*b - 2. Suppose -7 = 4*r + 5*k - 2, 4*k = -20. What is d(r)?
-7
Let g(a) = a**2 + 5*a + 5. Suppose 12 = -x + 5*r, 4*x - 2*r + 7*r = 2. Let t(v) = -v - 2. Let q be t(4). Let y = q - x. Calculate g(y).
1
Let b(l) = -l + 5. Let a be b(5). Let t(i) = -36 - 11*i + 31 + 12*i. Give t(a).
-5
Let x(d) = 10*d - 3. Let a(s) = s**3 + 4*s**2 - 6*s - 3. Let c be a(-5). What is x(c)?
17
Let c(g) = g + 13. Let m be -2*(-3 - 45/(-6)). Give c(m).
4
Let k(q) = q**3 - 6*q**2 + 5*q + 4. Suppose 2*c - i - 14 = 8, c = -4*i + 20. Let l = c + -7. Suppose 5*a + 0*d - 45 = -4*d, d + l = 2*a. Give k(a).
4
Let f(y) be the second derivative of y**4/24 + y**3/3 - 3*y**2/2 - 4*y. Let j(a) be the first derivative of f(a). Determine j(-1).
1
Let t(v) = -v**3 - 9*v**2 + 4*v. Let d(k) = -3*k**3 - 19*k**2 + 7*k + 1. Let o(h) = -2*d(h) + 5*t(h). Give o(6).
-2
Let v be (10/(-5))/(4/(-22)). Suppose -3*c - v = 7. Let w(k) = -k**2 - 4*k + 4. Calculate w(c).
-8
Let z be (-19)/(-24) + (-6)/8. Let p(m) be the third derivative of 0 - 5/6*m**3 + 0*m - z*m**4 + 4*m**2. Calculate p(-4).
-1
Let i(z) be the second derivative of z**6/360 + z**5/120 - 5*z**4/24 - z**3/2 - 2*z. Let w(t) be the second derivative of i(t). What is w(0)?
-5
Let i(k) = k**3 + 7*k**2 + k - 9. Let b(m) = m**2 + 15*m + 19. Let j be b(-13). Give i(j).
-16
Let w(u) be the third derivative of 0*u + 1/8*u**4 - 1/60*u**5 - 1/3*u**3 + 2*u**2 + 0. Determine w(4).
-6
Let k(x) be the second derivative of 1/20*x**5 + 0 + 5/6*x**3 + 5/12*x**4 - 7*x + 3*x**2. Determine k(-4).
2
Let f(v) be the third derivative of -v**6/120 - v**5/30 + v**4/12 + v**3/6 + v**2. Calculate f(2).
-11
Let n(w) = -2*w**3 - 4*w**2 + 5. Let r(x) = x**3 + 2*x**2 - 2. Let k(z) = -6*n(z) - 13*r(z). Determine k(-3).
5
Let o(n) be the third derivative of -n**6/120 - n**5/15 + n**4/4 + 5*n**3/6 - 19*n**2. Give o(-5).
0
Let x be (-17)/3 - 4/(-6). Let f(r) = 0 - 4 - 5*r - r**3 + 8 - 9 - 6*r**2. Determine f(x).
-5
Let p(g) be the second derivative of -g**3/6 - 7*g**2/2 - 10*g. Let l be (-2)/6 - 56/12. Calculate p(l).
-2
Suppose -4*w + 4*s = 0, 0*w - 2*s - 4 = -3*w. Let r be (3/3)/(1/w). Let y be (1 - r)/(12/(-8)). Let l(b) = -3*b**2 + 3*b. What is l(y)?
-6
Let r(i) be the third derivative of 11*i**4/12 - 22*i**2. Determine r(1).
22
Let r = -4 + 4. Suppose 2*b = -b + 102. Let j(m) = -34 + m - m**3 + b. Give j(r).
0
Let c(m) be the second derivative of -12*m - 3/2*m**2 + 0 - 1/6*m**3. Let x be (-2)/(-2)*1 + 2. Determine c(x).
-6
Suppose 2*n = a, 0*n - 2*a - 2 = -3*n. Let g be (-4)/18 + n/(-9). Let y(d) = 3*d - 11. Let q(l) = 16*l - 55. Let f(c) = -2*q(c) + 11*y(c). Give f(g).
-11
Let g(j) = -2*j. Let n(l) = -10*l + 1. Let h(y) = 11*g(y) - 2*n(y). What is h(-2)?
2
Let n(p) = p**2. Let o(g) = -4*g**2 - 3*g - 3. Let q(z) = 2*n(z) + o(z). Give q(-2).
-5
Let k(b) = 3*b + 3. Let y(c) = -3*c - 31. Let u be y(-8). Calculate k(u).
-18
Suppose 3*r = -18 - 0. Let l(d) = -d**3 - 3*d**2 - 2*d**2 + 5